 Determine u(3).
-6
Suppose 0 = 2*l - l. Let p(b) be the third derivative of b**6/120 - b**5/60 - b**4/24 + 8*b**3/3 - b**2 + 63. Determine p(l).
16
Let o be (-120)/(-54) + -2 + 5/18. Let u(q) be the first derivative of -3*q + o*q**2 - 2. What is u(0)?
-3
Let o(k) = -3*k - 7. Suppose 5*b + 5*i - 35 = 0, -b - i = 2*i - 7. Suppose 0 = -z + 5*n - 1, z + n + b = -0*n. Determine o(z).
11
Let o = 5 - 4. Let n(m) = -m**3 + 1. Give n(o).
0
Let r(x) = -5*x**2 + 7*x**2 - 2*x**3 - 2*x + x**3 - 1. Let m be r(2). Let v(z) = z**2 + 5*z - 2. Give v(m).
-2
Let g(y) = y**3 + 6*y**2 + 6*y - 3. Suppose 5*m - 12 = -37. Determine g(m).
-8
Suppose -h = 3*l - 4*h + 15, 2*l - 3*h = -9. Let t(n) = -n**3 - 6*n**2 - 7. What is t(l)?
-7
Let a(p) be the second derivative of p**3/6 + 9*p**2/2 - p + 6. Determine a(10).
19
Suppose -4*t + 12 = 2*m - 4*m, m - 3*t = -10. Let g(n) = n**2 - 2*n**3 + 2 + 3*n**2 - n - 3*n**2. Calculate g(m).
-12
Let b(t) = -2*t - 2 + 12 + 0*t + t. Give b(9).
1
Let l(q) = -5*q**2 - 6*q. Let y(v) = -v. Let m(u) = l(u) - 5*y(u). Calculate m(-1).
-4
Let x(s) = -5*s**2 + 2*s - 1. Let g(l) = l**3 - 3*l**2 + l - 5. Let o be g(3). Determine x(o).
-25
Let i(z) = -10*z**3 - 1 - 6*z - 4*z**2 - 14*z**3 + 34*z**3 - 9*z**3. Calculate i(5).
-6
Let s = 7 + -4. Suppose -s*h + 6 + 20 = 4*f, -4*h = -3*f - 18. Let w(g) = g**2 - 7*g + 6. Calculate w(h).
0
Let y(a) = a**3 + 8*a**2 + a + 2. Let k(l) = -9*l**3 + 2*l**2 - 2*l + 1. Let v be k(1). Calculate y(v).
-6
Suppose -2*w - 5*y = -6*w - 25, -2*y + 7 = -w. Let f(g) = -g + 1. Let z(u) = 9. Let p(x) = -f(x) + z(x). Calculate p(w).
3
Let a(c) = -c**3 + 5*c**2 + 7*c + 1. Let w(z) = z**3 - 7*z**2 + 6*z + 6. Let u(f) = f**2 + 9*f - 4. Let l be u(-10). Let r be w(l). Determine a(r).
7
Let j(a) be the second derivative of a**5/20 + a**4/3 + 2*a**2 - a. Let r(n) = -n**3 - 4*n**2 + 6*n + 1. Let x = -7 - -2. Let c be r(x). What is j(c)?
4
Suppose 13 = -z + 6*z + 3*a, -3*a = 2*z - 7. Let t(p) = 2 + z + 7 + p. Determine t(-5).
6
Suppose -3*a - 4 - 2 = 0. Let d(j) = j**3 + 2*j**3 + 2*j**2 + 2*j**3 - 2 - 4*j**3 + j. Determine d(a).
-4
Let k(i) be the first derivative of -3 + 2*i - i**2 - 1/3*i**3. What is k(2)?
-6
Suppose 0 = 2*d - 2, 4*k + 2*d = 6*k - 26. Let s be 2/7 - (-24)/k. Let b(g) = 3 + 2*g + 2*g - s*g**2 - 2. What is b(3)?
-5
Let x(h) = -h - 10. Suppose 4*y - 2*y + 134 = 5*q, 5*q - 149 = -3*y. Suppose -2*k - 4*z - q = -6, 0 = -3*k + z - 12. Determine x(k).
-5
Let l be ((-4)/10)/(4/(-20)). Let i(y) = -3*y**2 + 3*y + 2. Let k(j) = j**2 + 1. Let q(g) = l*k(g) + i(g). Calculate q(4).
0
Let m(l) = -l**2 - 9*l - 12. Let i be m(-8). Let q(f) = -2*f - 5. Calculate q(i).
3
Let q(v) be the second derivative of -v**3 + 0 + 1/12*v**4 + 3/2*v**2 - 4*v. Give q(5).
-2
Let h(t) = t - 1. Suppose 4*m = -m + 2*x + 17, 4*m = -5*x + 7. Let o be 10/3*(-9)/m. Let y = -15 - o. What is h(y)?
-6
Let w(n) = -5*n**3 + 3*n**3 - 2*n**2 + n**3 + 2*n. Calculate w(-3).
3
Let g(s) = -5*s + 4. Let c = 20 + -17. Calculate g(c).
-11
Let a(z) = -2*z + 3. Let p be (-32)/6 + 1/3. Let u be 222/15 - 1/p. Suppose 0 = 4*y - 1 - u. Give a(y).
-5
Let m(k) = k**3 + 5*k**2 + 3*k - 1. Let y be -1 - (-4)/((-6)/(-3)). Let d be y/(-3) + 25/3. Suppose -5*c - 27 = z - d, 0 = 3*z - 3. Give m(c).
3
Let g(w) = w**3 + w**2 + 1. Let h(o) = 5*o**3 + 3*o**2 + 5. Let s(l) = 6*g(l) - h(l). Calculate s(-3).
1
Let m be 36/10 + 6/(-10). Let j(x) = m - x + 0*x - 1. Suppose -t + 2 = -1. Give j(t).
-1
Let k(y) = -y**2 - y + 1. Let s(a) = a**3 + 6*a**2 + 7*a - 10. Let c(u) = 6*k(u) + s(u). Calculate c(0).
-4
Let v(f) = 4*f**2 + 1. Let u be v(-1). Let m(o) = o. Let y(s) = 3*s. Let j(z) = -17*m(z) + 6*y(z). Give j(u).
5
Let z(x) = x**3 - x**2 + 5*x + 12. Let p(n) = -n**2 - 1. Let t(k) = 5*p(k) + z(k). Determine t(5).
7
Let j(a) be the third derivative of -7*a**4/24 - 7*a**2. What is j(1)?
-7
Let j(o) = o**2 + 2*o. Let c = -2 - -3. Suppose 3 = 2*u - c. Let z = u - 5. Give j(z).
3
Let j(s) = -11*s. Let d(x) = -x**3 - 4*x**2 + 4. Let n be d(-4). Suppose -3*a = -7*a + n. Determine j(a).
-11
Let v(t) be the first derivative of -3*t**2/2 + 5*t + 3. Calculate v(5).
-10
Let g(d) = d + 7. Let f(m) = -m - 12. Let n be f(-7). What is g(n)?
2
Suppose 5*l - 243 = -b, -6*l + 186 = -2*l - 2*b. Let d be (-4)/10 + l/20. Let g(s) = -s**3 + 2*s**2 - 2. Calculate g(d).
-2
Let n = 11 - 9. Let o(h) = 4 - 3*h + n*h - 4. Determine o(0).
0
Let u(n) = 2*n**3 - n**2 - n + 1. Let q(w) = 4*w**3 - w**2 - w. Let a be q(-2). Let y = a - -9. Let g be (-2)/(-7) - y/35. Calculate u(g).
1
Let h(k) = 4*k + 46. Let c be h(-12). Let y(q) = 5*q + 0*q - 3*q**2 - 3*q. Calculate y(c).
-16
Let o(k) = k**2. Let z = 12 - 17. Let a = z + 9. Let f = -2 + a. Determine o(f).
4
Let h(n) = -6*n + 5 + 4*n - 3*n + 2*n. Let a(k) = -4*k + 6. Let v(r) = -r**2 - 3*r - 3. Let u be v(-3). Let f(c) = u*h(c) + 2*a(c). Determine f(3).
0
Let a(y) be the third derivative of y**6/120 - y**5/12 - y**4/6 + y**3/2 + 11*y**2. Give a(6).
15
Let x(z) be the second derivative of z**3/6 - z**2/2 + 7*z. Calculate x(2).
1
Let i(z) = -z**2 - 2*z - 2. Let y = -3 + 3. Suppose -4*b - b - 10 = y. Give i(b).
-2
Let m(l) be the third derivative of -l**4/12 + 5*l**3/6 + 9*l**2. Give m(4).
-3
Suppose -2*w + 8 = -5*m, -2*w + 7*w - 3*m - 20 = 0. Let o(f) = f**2 - 2*f - 2. What is o(w)?
6
Suppose -3 + 15 = 4*s. Let p be (-2)/s*(-3 + 0). Let t(f) = -3*f**2 + f - 1. What is t(p)?
-11
Suppose 0 = -3*c + 2*c. Let q(p) be the third derivative of -p**4/24 - p**3/3 + 3*p**2. Calculate q(c).
-2
Let q(k) = -2*k - 4*k + 10*k - 14 - 6*k. Calculate q(-10).
6
Suppose -4*c - 2*y = -16, 2*c = -4*y - y + 8. Let d(i) = -4*i**2 + 5*i + 4. Let p(w) = -7*w**2 + 9*w + 8. Let x(j) = 5*d(j) - 3*p(j). Give x(c).
4
Let o(p) = p + 18. Suppose 34*l - 26*l = -104. Calculate o(l).
5
Let g(j) = -j + 10. Let f = -1 + 1. What is g(f)?
10
Suppose -2*f - 12 = -r + 3*f, 18 = 4*r - 5*f. Let d(g) = r - 6 + 4*g**2 + 2 - 2*g + 1. Give d(-1).
5
Let t(v) be the first derivative of v**4/4 - 7*v**3/3 - 5*v**2 + 10*v - 14. Give t(8).
-6
Let h(p) = 1. Let r(t) = -8*t**3 + t**2 - t - 4. Let s(z) = -5*h(z) - r(z). Suppose -4 = -c + 2*c. Let k = c + 5. What is s(k)?
7
Let d = 12 + -7. Suppose 5*v - p = -2*p - 23, d*v - 4*p = -8. Let u(r) be the first derivative of -r**4/4 - r**3 + 5*r**2/2 + 2*r - 3. Calculate u(v).
-2
Let b(i) be the second derivative of -i**4/3 - i**3/3 + i**2/2 + 6*i. Give b(-2).
-11
Let n(x) = x**3 + 5*x**2 - 5*x + 6. Let b be -14 + -2 + -1 + 0. Let k = -12 - b. Suppose k*q + 0 + 30 = 0. Calculate n(q).
0
Let b(x) = 5*x**2 + 9*x - 10. Let z(v) = v**2 + v - 1. Let u(a) = b(a) - 4*z(a). Determine u(-6).
0
Let c(v) = -v - 4. Let w(u) = -u**2 - 5*u - 4. Let i be w(-4). Give c(i).
-4
Let j(c) be the third derivative of c**6/120 - c**5/60 - c**3/3 + 14*c**2 - 2. Determine j(2).
2
Let x be ((-8)/(-3))/((-18)/(-27)). Suppose -2*a = k + 5, a + 0*a - 5 = -3*k. Let q(c) = -x*c**2 + 3*c**3 + 2*c**3 + 1 + c - 4*c**k. Determine q(3).
-5
Let b(g) = -g**2 + 7*g - 3. Let l = 16 - 10. Determine b(l).
3
Let i(h) = -h. Let n(x) = 2. Let a(u) = -2*i(u) - n(u). Give a(3).
4
Let p(r) = -5*r - r + 0*r - 1. Give p(1).
-7
Let j = -149 + 142. Let d(w) = -w**2 - 10*w - 6. What is d(j)?
15
Let r = 2723/1380 - 45/23. Let o(j) be the third derivative of 0*j**3 - 1/24*j**4 - 1/120*j**6 + 0*j + r*j**5 + 0 - 2*j**2. Calculate o(2).
-6
Suppose -4*h + 4*f = -32, 0 = -3*h - 2*h - 2*f + 5. Let z(c) = 2*c**h + 4*c**3 - c**3 - 1. Suppose -2 - 1 = -3*i. Give z(i).
4
Let b(m) = m**3 + 5*m**2 - 7*m - 5. Let s(k) = k**3 + 6*k**2 - 8*k - 5. Let x be (-390)/(-54) + 2/(-9). Let n(p) = x*b(p) - 6*s(p). Calculate n(0).
-5
Let z(j) = -6 + 0 + 0*j**2 + 2 + j**2 + 4*j. What is z(-4)?
-4
Let c(r) be the second derivative of -5*r**3/6 + r**2 + 4*r. What is c(2)?
-8
Let b = 63 + -71. Let t(j) = -j**3 - 7*j**2 + 12*j + 4. Give t(b).
-28
Let x = 18 + -16. Let j(v) = 2*v**3 - 3*v**2 + v + 1. Determine j(x).
7
Let k = 0 - -2. Let u(s) = -9*s + 6*s**2 + 14*s**3 - 7*s**k + 12*s**2. Let x(l) = -7*l**3 - 6*l**2 + 5*l. Let t(b) = -6*u(b) - 11*x(b). What is t(-1)?
8
Let a(z) = z**2 + 5*z + 2. Let m = 15 - 18. Determine a(m).
-4
Let b(j) be the third derivative of j**6/120 + 7*j**5/60 + j**4/24 + j**3/6 - 9*j**2. What is b(-7)?
-6
Let r(c) = 4*c + 4. Let i(o) = 8*o + 